{"id":10870,"date":"2014-10-11T14:23:15","date_gmt":"2014-10-11T14:23:15","guid":{"rendered":"http:\/\/avada.theme-fusion.com_demos\/portfolio\/?page_id=10870"},"modified":"2017-01-31T17:46:49","modified_gmt":"2017-01-31T16:46:49","slug":"blog","status":"publish","type":"page","link":"https:\/\/telix.mobi\/index.php\/blog\/","title":{"rendered":"Blog"},"content":{"rendered":"<div class=\"fusion-fullwidth fullwidth-box hundred-percent-fullwidth non-hundred-percent-height-scrolling\"  style='background-color: rgba(255,255,255,0);background-position: center center;background-repeat: no-repeat;padding-top:0px;padding-right:40px;padding-bottom:0px;padding-left:40px;'><div class=\"fusion-builder-row fusion-row \"><div  class=\"fusion-layout-column fusion_builder_column fusion_builder_column_1_1  fusion-one-full fusion-column-first fusion-column-last fusion-column-no-min-height 1_1\"  style='margin-top:0px;margin-bottom:0px;'>\n\t\t\t\t\t<div class=\"fusion-column-wrapper\" style=\"background-position:left top;background-repeat:no-repeat;-webkit-background-size:cover;-moz-background-size:cover;-o-background-size:cover;background-size:cover;\"  data-bg-url=\"\">\n\t\t\t\t\t\t<div class=\"fusion-blog-shortcode fusion-blog-shortcode-1 fusion-blog-archive fusion-blog-layout-grid-wrapper fusion-blog-infinite\"><style type=\"text\/css\">.fusion-blog-shortcode-1 .fusion-blog-layout-grid .fusion-post-grid{padding:20px;}.fusion-blog-shortcode-1 .fusion-posts-container{margin-left: -20px !important; margin-right:-20px !important;}<\/style><div class=\"fusion-posts-container fusion-posts-container-infinite fusion-blog-rollover fusion-blog-layout-grid fusion-blog-layout-grid-4 isotope\" data-pages=\"1\" data-grid-col-space=\"40\" style=\"margin: -20px -20px 0;min-height:500px;\"><article id=\"blog-1-post-14540\" class=\"fusion-post-grid post-14540 post type-post status-publish format-standard has-post-thumbnail hentry category-bez-kategorii\">\n<div class=\"fusion-post-wrapper\" style=\"background-color:rgba(255,255,255,0);border:1px solid #ebeaea;border-bottom-width:3px;\">\n\n\t\t\t<div class=\"fusion-flexslider flexslider fusion-flexslider-loading fusion-post-slideshow\" style=\"border-color:#ebeaea;\">\n\t\t<ul class=\"slides\">\n\t\t\t\n\t\t\t\t\t\t\t\t\t\t\t\t\t\t<li>\n\n<div  class=\"fusion-image-wrapper\" aria-haspopup=\"true\">\n\t\n\t\n\t\t\n\t\t\t\t\t<img loading=\"lazy\" decoding=\"async\" width=\"1170\" height=\"700\" src=\"https:\/\/telix.mobi\/wp-content\/uploads\/2017\/07\/tvpinfo_marcin_horecki-200x120.jpg\" class=\"attachment-full size-full wp-post-image\" alt=\"\" srcset=\"https:\/\/telix.mobi\/wp-content\/uploads\/2017\/07\/tvpinfo_marcin_horecki-200x120.jpg 200w, https:\/\/telix.mobi\/wp-content\/uploads\/2017\/07\/tvpinfo_marcin_horecki-400x239.jpg 400w, https:\/\/telix.mobi\/wp-content\/uploads\/2017\/07\/tvpinfo_marcin_horecki-600x359.jpg 600w, https:\/\/telix.mobi\/wp-content\/uploads\/2017\/07\/tvpinfo_marcin_horecki-800x479.jpg 800w, https:\/\/telix.mobi\/wp-content\/uploads\/2017\/07\/tvpinfo_marcin_horecki.jpg 1170w\" sizes=\"(min-width: 2200px) 100vw, (min-width: 1215px) 263px, (min-width: 1124px) 350px, (min-width: 1032px) 525px, (min-width: 940px) 1032px, \" \/>\n\t\n\n\t\t<div class=\"fusion-rollover\">\n\t<div class=\"fusion-rollover-content\">\n\n\t\t\t\t\t\t\t\t\t\t\t\t\t\t<a class=\"fusion-rollover-link\" href=\"https:\/\/telix.mobi\/index.php\/2017\/06\/marcin-horecki-telix-ekspertem-tvp-info\/\">Marcin Horecki z Telix ekspertem w TVP Info<\/a>\n\t\t\t\n\t\t\t\t\t\t\t\t\t\t\t\t\t\t\n\t\t\t\t\t\t\t\t\n\t\t\t\t\t\t\t\t\t\t\t\t\t<div class=\"fusion-rollover-sep\"><\/div>\n\t\t\t\t\n\t\t\t\t\t\t\t\t\t\t\t\t\t\t\t\t\t\t<a class=\"fusion-rollover-gallery\" href=\"https:\/\/telix.mobi\/wp-content\/uploads\/2017\/07\/tvpinfo_marcin_horecki.jpg\" data-id=\"14540\" data-rel=\"iLightbox[gallery]\" data-title=\"tvpinfo_marcin_horecki\" data-caption=\"\">\n\t\t\t\t\t\tGallery\t\t\t\t\t<\/a>\n\t\t\t\t\t\t\t\t\t\t\t\t\t\t\n\t\t\t\t\n\t\t\t\t\t\t\t\t\t\t\t\t<h4 class=\"fusion-rollover-title\">\n\t\t\t\t\t<a href=\"https:\/\/telix.mobi\/index.php\/2017\/06\/marcin-horecki-telix-ekspertem-tvp-info\/\">\n\t\t\t\t\t\tMarcin Horecki z Telix ekspertem w TVP Info\t\t\t\t\t<\/a>\n\t\t\t\t<\/h4>\n\t\t\t\n\t\t\t\t\t\t\t\t\t\t\t\t\t\t<div class=\"fusion-rollover-categories\"><a href=\"https:\/\/telix.mobi\/index.php\/category\/bez-kategorii\/\" rel=\"tag\">Bez kategorii<\/a><\/div>\t\t\t\t\t\n\t\t\n\t\t\t\t<a class=\"fusion-link-wrapper\" href=\"https:\/\/telix.mobi\/index.php\/2017\/06\/marcin-horecki-telix-ekspertem-tvp-info\/\" aria-label=\"Marcin Horecki z Telix ekspertem w TVP Info\"><\/a>\n\t<\/div>\n<\/div>\n\n\t\n<\/div>\n<\/li>\n\t\t\t\n\t\t\t\n\t\t\t\t\t\t\t\t\t\t\t\t\t\t\t\t\t\t\t\t\t\t\t\t\t\t\t\t\t\t\t\t\t\t\t\t\t\t\t\t\t\t\t\t\t\t\t\t\t\t\t\t\t\t\t\t\t\t\t\t\t\t\t\t\t\t\t\t<\/ul>\n\t<\/div>\n\t<div class=\"fusion-post-content-wrapper\" style=\"padding:30px 25px 20px 25px;\"><div class=\"fusion-post-content post-content\"><h2 class=\"blog-shortcode-post-title entry-title\"><a href=\"https:\/\/telix.mobi\/index.php\/2017\/06\/marcin-horecki-telix-ekspertem-tvp-info\/\">Marcin Horecki z Telix ekspertem w TVP Info<\/a><\/h2><p class=\"fusion-single-line-meta\">By <span class=\"vcard\"><span class=\"fn\"><a href=\"https:\/\/telix.mobi\/index.php\/author\/telix\/\" title=\"Wpisy od Marcin Horecki\" rel=\"author\">Marcin Horecki<\/a><\/span><\/span><span class=\"fusion-inline-sep\">|<\/span><span class=\"updated\" style=\"display:none;\">2017-07-06T09:08:06+01:00<\/span><span>17 czerwca, 2017<\/span><span class=\"fusion-inline-sep\">|<\/span>Categories: <a href=\"https:\/\/telix.mobi\/index.php\/category\/bez-kategorii\/\" rel=\"category tag\">Bez kategorii<\/a><span class=\"fusion-inline-sep\">|<\/span><\/p><div class=\"fusion-content-sep sep-double sep-solid\" style=\"border-color:#ebeaea;\"><\/div><div class=\"fusion-post-content-container\"><p>Cz\u0119sto wypowiadamy si\u0119 w mediach na tematy zwi\u0105zane z telekomunikacj\u0105. Poruszana tematyka dotyczy rynku, aplikacji mobilnych i interesuj\u0105cych rozwi\u0105za\u0144 informatycznych. Osoby z zespo\u0142u Telix, dzi\u0119ki swojej wiedzy [...]<\/p><\/div><\/div><div class=\"fusion-meta-info\"><div class=\"fusion-alignleft\"><a class=\"fusion-read-more\" href=\"https:\/\/telix.mobi\/index.php\/2017\/06\/marcin-horecki-telix-ekspertem-tvp-info\/\">Read More<\/a><\/div><div class=\"fusion-alignright\"><a href=\"https:\/\/telix.mobi\/index.php\/2017\/06\/marcin-horecki-telix-ekspertem-tvp-info\/#respond\"><i class=\"fusion-icon-bubbles\"><\/i>&nbsp;0<\/a><\/div><\/div><\/div><div class=\"fusion-clearfix\"><\/div><\/div>\n<\/article>\n<article id=\"blog-1-post-14533\" class=\"fusion-post-grid post-14533 post type-post status-publish format-standard has-post-thumbnail hentry category-bez-kategorii\">\n<div class=\"fusion-post-wrapper\" style=\"background-color:rgba(255,255,255,0);border:1px solid #ebeaea;border-bottom-width:3px;\">\n\n\t\t\t<div class=\"fusion-flexslider flexslider fusion-flexslider-loading fusion-post-slideshow\" style=\"border-color:#ebeaea;\">\n\t\t<ul class=\"slides\">\n\t\t\t\n\t\t\t\t\t\t\t\t\t\t\t\t\t\t<li>\n\n<div  class=\"fusion-image-wrapper\" aria-haspopup=\"true\">\n\t\n\t\n\t\t\n\t\t\t\t\t<img loading=\"lazy\" decoding=\"async\" width=\"500\" height=\"295\" src=\"https:\/\/telix.mobi\/wp-content\/uploads\/2017\/07\/telix_darowizna_hospicjum-200x118.jpg\" class=\"attachment-full size-full wp-post-image\" alt=\"\" srcset=\"https:\/\/telix.mobi\/wp-content\/uploads\/2017\/07\/telix_darowizna_hospicjum-200x118.jpg 200w, https:\/\/telix.mobi\/wp-content\/uploads\/2017\/07\/telix_darowizna_hospicjum-400x236.jpg 400w, https:\/\/telix.mobi\/wp-content\/uploads\/2017\/07\/telix_darowizna_hospicjum.jpg 500w\" sizes=\"(min-width: 2200px) 100vw, (min-width: 1215px) 263px, (min-width: 1124px) 350px, (min-width: 1032px) 525px, (min-width: 940px) 1032px, \" \/>\n\t\n\n\t\t<div class=\"fusion-rollover\">\n\t<div class=\"fusion-rollover-content\">\n\n\t\t\t\t\t\t\t\t\t\t\t\t\t\t<a class=\"fusion-rollover-link\" href=\"https:\/\/telix.mobi\/index.php\/2017\/05\/10-tys-zl-dla-hospicjum-im-jana-pawla-ii-telix-t-mobile\/\">10 tys z\u0142 dla hospicjum im Jana Paw\u0142a II od Telix i T-Mobile<\/a>\n\t\t\t\n\t\t\t\t\t\t\t\t\t\t\t\t\t\t\n\t\t\t\t\t\t\t\t\n\t\t\t\t\t\t\t\t\t\t\t\t\t<div class=\"fusion-rollover-sep\"><\/div>\n\t\t\t\t\n\t\t\t\t\t\t\t\t\t\t\t\t\t\t\t\t\t\t<a class=\"fusion-rollover-gallery\" href=\"https:\/\/telix.mobi\/wp-content\/uploads\/2017\/07\/telix_darowizna_hospicjum.jpg\" data-id=\"14533\" data-rel=\"iLightbox[gallery]\" data-title=\"telix_darowizna_hospicjum\" data-caption=\"\">\n\t\t\t\t\t\tGallery\t\t\t\t\t<\/a>\n\t\t\t\t\t\t\t\t\t\t\t\t\t\t\n\t\t\t\t\n\t\t\t\t\t\t\t\t\t\t\t\t<h4 class=\"fusion-rollover-title\">\n\t\t\t\t\t<a href=\"https:\/\/telix.mobi\/index.php\/2017\/05\/10-tys-zl-dla-hospicjum-im-jana-pawla-ii-telix-t-mobile\/\">\n\t\t\t\t\t\t10 tys z\u0142 dla hospicjum im Jana Paw\u0142a II od Telix i T-Mobile\t\t\t\t\t<\/a>\n\t\t\t\t<\/h4>\n\t\t\t\n\t\t\t\t\t\t\t\t\t\t\t\t\t\t<div class=\"fusion-rollover-categories\"><a href=\"https:\/\/telix.mobi\/index.php\/category\/bez-kategorii\/\" rel=\"tag\">Bez kategorii<\/a><\/div>\t\t\t\t\t\n\t\t\n\t\t\t\t<a class=\"fusion-link-wrapper\" href=\"https:\/\/telix.mobi\/index.php\/2017\/05\/10-tys-zl-dla-hospicjum-im-jana-pawla-ii-telix-t-mobile\/\" aria-label=\"10 tys z\u0142 dla hospicjum im Jana Paw\u0142a II od Telix i T-Mobile\"><\/a>\n\t<\/div>\n<\/div>\n\n\t\n<\/div>\n<\/li>\n\t\t\t\n\t\t\t\n\t\t\t\t\t\t\t\t\t\t\t\t\t\t\t\t\t\t\t\t\t\t\t\t\t\t\t\t\t\t\t\t\t\t\t\t\t\t\t\t\t\t\t\t\t\t\t\t\t\t\t\t\t\t\t\t\t\t\t\t\t\t\t\t\t\t\t\t<\/ul>\n\t<\/div>\n\t<div class=\"fusion-post-content-wrapper\" style=\"padding:30px 25px 20px 25px;\"><div class=\"fusion-post-content post-content\"><h2 class=\"blog-shortcode-post-title entry-title\"><a href=\"https:\/\/telix.mobi\/index.php\/2017\/05\/10-tys-zl-dla-hospicjum-im-jana-pawla-ii-telix-t-mobile\/\">10 tys z\u0142 dla hospicjum im Jana Paw\u0142a II od Telix i T-Mobile<\/a><\/h2><p class=\"fusion-single-line-meta\">By <span class=\"vcard\"><span class=\"fn\"><a href=\"https:\/\/telix.mobi\/index.php\/author\/telix\/\" title=\"Wpisy od Marcin Horecki\" rel=\"author\">Marcin Horecki<\/a><\/span><\/span><span class=\"fusion-inline-sep\">|<\/span><span class=\"updated\" style=\"display:none;\">2017-07-06T08:59:43+01:00<\/span><span>29 maja, 2017<\/span><span class=\"fusion-inline-sep\">|<\/span>Categories: <a href=\"https:\/\/telix.mobi\/index.php\/category\/bez-kategorii\/\" rel=\"category tag\">Bez kategorii<\/a><span class=\"fusion-inline-sep\">|<\/span><\/p><div class=\"fusion-content-sep sep-double sep-solid\" style=\"border-color:#ebeaea;\"><\/div><div class=\"fusion-post-content-container\"><p>Andrzej Kisia\u0142a z Telix wraz z zespo\u0142em\u00a0przekazali 10 tysi\u0119cy z\u0142otych nagrody w konkursie organizowanym przez T-Mobile na hospicjum im Jana Paw\u0142a II w \u017borach. \u015arodki zostan\u0105 przeznaczone [...]<\/p><\/div><\/div><div class=\"fusion-meta-info\"><div class=\"fusion-alignleft\"><a class=\"fusion-read-more\" href=\"https:\/\/telix.mobi\/index.php\/2017\/05\/10-tys-zl-dla-hospicjum-im-jana-pawla-ii-telix-t-mobile\/\">Read More<\/a><\/div><div class=\"fusion-alignright\"><a href=\"https:\/\/telix.mobi\/index.php\/2017\/05\/10-tys-zl-dla-hospicjum-im-jana-pawla-ii-telix-t-mobile\/#respond\"><i class=\"fusion-icon-bubbles\"><\/i>&nbsp;0<\/a><\/div><\/div><\/div><div class=\"fusion-clearfix\"><\/div><\/div>\n<\/article>\n<article id=\"blog-1-post-14347\" class=\"fusion-post-grid post-14347 post type-post status-publish format-standard has-post-thumbnail hentry category-bez-kategorii\">\n<div class=\"fusion-post-wrapper\" style=\"background-color:rgba(255,255,255,0);border:1px solid #ebeaea;border-bottom-width:3px;\">\n\n\t\t\t<div class=\"fusion-flexslider flexslider fusion-flexslider-loading fusion-post-slideshow\" style=\"border-color:#ebeaea;\">\n\t\t<ul class=\"slides\">\n\t\t\t\n\t\t\t\t\t\t\t\t\t\t\t\t\t\t<li>\n\n<div  class=\"fusion-image-wrapper\" aria-haspopup=\"true\">\n\t\n\t\n\t\t\n\t\t\t\t\t<img loading=\"lazy\" decoding=\"async\" width=\"585\" height=\"350\" src=\"https:\/\/telix.mobi\/wp-content\/uploads\/2017\/03\/telefony_rozdzielczosci1-200x120.jpg\" class=\"attachment-full size-full wp-post-image\" alt=\"\" srcset=\"https:\/\/telix.mobi\/wp-content\/uploads\/2017\/03\/telefony_rozdzielczosci1-200x120.jpg 200w, https:\/\/telix.mobi\/wp-content\/uploads\/2017\/03\/telefony_rozdzielczosci1-400x239.jpg 400w, https:\/\/telix.mobi\/wp-content\/uploads\/2017\/03\/telefony_rozdzielczosci1.jpg 585w\" sizes=\"(min-width: 2200px) 100vw, (min-width: 1215px) 263px, (min-width: 1124px) 350px, (min-width: 1032px) 525px, (min-width: 940px) 1032px, \" \/>\n\t\n\n\t\t<div class=\"fusion-rollover\">\n\t<div class=\"fusion-rollover-content\">\n\n\t\t\t\t\t\t\t\t\t\t\t\t\t\t<a class=\"fusion-rollover-link\" href=\"https:\/\/telix.mobi\/index.php\/2017\/03\/optymalny-dobor-telefonow-testow-aplikacji-mobilnych\/\">Optymalny dob\u00f3r telefon\u00f3w do test\u00f3w aplikacji mobilnych<\/a>\n\t\t\t\n\t\t\t\t\t\t\t\t\t\t\t\t\t\t\n\t\t\t\t\t\t\t\t\n\t\t\t\t\t\t\t\t\t\t\t\t\t<div class=\"fusion-rollover-sep\"><\/div>\n\t\t\t\t\n\t\t\t\t\t\t\t\t\t\t\t\t\t\t\t\t\t\t<a class=\"fusion-rollover-gallery\" href=\"https:\/\/telix.mobi\/wp-content\/uploads\/2017\/03\/telefony_rozdzielczosci1.jpg\" data-id=\"14347\" data-rel=\"iLightbox[gallery]\" data-title=\"telefony_rozdzielczosci1\" data-caption=\"\">\n\t\t\t\t\t\tGallery\t\t\t\t\t<\/a>\n\t\t\t\t\t\t\t\t\t\t\t\t\t\t\n\t\t\t\t\n\t\t\t\t\t\t\t\t\t\t\t\t<h4 class=\"fusion-rollover-title\">\n\t\t\t\t\t<a href=\"https:\/\/telix.mobi\/index.php\/2017\/03\/optymalny-dobor-telefonow-testow-aplikacji-mobilnych\/\">\n\t\t\t\t\t\tOptymalny dob\u00f3r telefon\u00f3w do test\u00f3w aplikacji mobilnych\t\t\t\t\t<\/a>\n\t\t\t\t<\/h4>\n\t\t\t\n\t\t\t\t\t\t\t\t\t\t\t\t\t\t<div class=\"fusion-rollover-categories\"><a href=\"https:\/\/telix.mobi\/index.php\/category\/bez-kategorii\/\" rel=\"tag\">Bez kategorii<\/a><\/div>\t\t\t\t\t\n\t\t\n\t\t\t\t<a class=\"fusion-link-wrapper\" href=\"https:\/\/telix.mobi\/index.php\/2017\/03\/optymalny-dobor-telefonow-testow-aplikacji-mobilnych\/\" aria-label=\"Optymalny dob\u00f3r telefon\u00f3w do test\u00f3w aplikacji mobilnych\"><\/a>\n\t<\/div>\n<\/div>\n\n\t\n<\/div>\n<\/li>\n\t\t\t\n\t\t\t\n\t\t\t\t\t\t\t\t\t\t\t\t\t\t\t\t\t\t\t\t\t\t\t\t\t\t\t\t\t\t\t\t\t\t\t\t\t\t\t\t\t\t\t\t\t\t\t\t\t\t\t\t\t\t\t\t\t\t\t\t\t\t\t\t\t\t\t\t<\/ul>\n\t<\/div>\n\t<div class=\"fusion-post-content-wrapper\" style=\"padding:30px 25px 20px 25px;\"><div class=\"fusion-post-content post-content\"><h2 class=\"blog-shortcode-post-title entry-title\"><a href=\"https:\/\/telix.mobi\/index.php\/2017\/03\/optymalny-dobor-telefonow-testow-aplikacji-mobilnych\/\">Optymalny dob\u00f3r telefon\u00f3w do test\u00f3w aplikacji mobilnych<\/a><\/h2><p class=\"fusion-single-line-meta\">By <span class=\"vcard\"><span class=\"fn\"><a href=\"https:\/\/telix.mobi\/index.php\/author\/telix\/\" title=\"Wpisy od Marcin Horecki\" rel=\"author\">Marcin Horecki<\/a><\/span><\/span><span class=\"fusion-inline-sep\">|<\/span><span class=\"updated\" style=\"display:none;\">2017-03-15T13:16:53+01:00<\/span><span>15 marca, 2017<\/span><span class=\"fusion-inline-sep\">|<\/span>Categories: <a href=\"https:\/\/telix.mobi\/index.php\/category\/bez-kategorii\/\" rel=\"category tag\">Bez kategorii<\/a><span class=\"fusion-inline-sep\">|<\/span><\/p><div class=\"fusion-content-sep sep-double sep-solid\" style=\"border-color:#ebeaea;\"><\/div><div class=\"fusion-post-content-container\"><p> Ka\u017cdy projekt informatyczny powinien by\u0107 dobrze przetestowany. W przypadku aplikacji mobilnych testy zyskuj\u0105 na znaczeniu, bowiem na rynku dost\u0119pne s\u0105 ju\u017c tysi\u0105ce, je\u015bli nie dziesi\u0105tki tysi\u0119cy [...]<\/p><\/div><\/div><div class=\"fusion-meta-info\"><div class=\"fusion-alignleft\"><a class=\"fusion-read-more\" href=\"https:\/\/telix.mobi\/index.php\/2017\/03\/optymalny-dobor-telefonow-testow-aplikacji-mobilnych\/\">Read More<\/a><\/div><div class=\"fusion-alignright\"><a href=\"https:\/\/telix.mobi\/index.php\/2017\/03\/optymalny-dobor-telefonow-testow-aplikacji-mobilnych\/#respond\"><i class=\"fusion-icon-bubbles\"><\/i>&nbsp;0<\/a><\/div><\/div><\/div><div class=\"fusion-clearfix\"><\/div><\/div>\n<\/article>\n<article id=\"blog-1-post-1\" class=\"fusion-post-grid post-1 post type-post status-publish format-standard has-post-thumbnail hentry category-news\">\n<div class=\"fusion-post-wrapper\" style=\"background-color:rgba(255,255,255,0);border:1px solid #ebeaea;border-bottom-width:3px;\">\n\n\t\t\t<div class=\"fusion-flexslider flexslider fusion-flexslider-loading fusion-post-slideshow\" style=\"border-color:#ebeaea;\">\n\t\t<ul class=\"slides\">\n\t\t\t\n\t\t\t\t\t\t\t\t\t\t\t\t\t\t<li>\n\n<div  class=\"fusion-image-wrapper\" aria-haspopup=\"true\">\n\t\n\t\n\t\t\n\t\t\t\t\t<img loading=\"lazy\" decoding=\"async\" width=\"240\" height=\"158\" src=\"https:\/\/telix.mobi\/wp-content\/uploads\/2017\/01\/labonachip2.jpg\" class=\"attachment-full size-full wp-post-image\" alt=\"\" srcset=\"https:\/\/telix.mobi\/wp-content\/uploads\/2017\/01\/labonachip2-200x132.jpg 200w, https:\/\/telix.mobi\/wp-content\/uploads\/2017\/01\/labonachip2.jpg 240w\" sizes=\"(min-width: 2200px) 100vw, (min-width: 1215px) 263px, (min-width: 1124px) 350px, (min-width: 1032px) 525px, (min-width: 940px) 1032px, \" \/>\n\t\n\n\t\t<div class=\"fusion-rollover\">\n\t<div class=\"fusion-rollover-content\">\n\n\t\t\t\t\t\t\t\t\t\t\t\t\t\t<a class=\"fusion-rollover-link\" href=\"https:\/\/telix.mobi\/index.php\/2017\/01\/5-innowacji-ibm\/\">5 innowacji, kt\u00f3re wg IBM zmieni\u0105 nasze \u017cycie w nast\u0119pnych 5 latach<\/a>\n\t\t\t\n\t\t\t\t\t\t\t\t\t\t\t\t\t\t\n\t\t\t\t\t\t\t\t\n\t\t\t\t\t\t\t\t\t\t\t\t\t<div class=\"fusion-rollover-sep\"><\/div>\n\t\t\t\t\n\t\t\t\t\t\t\t\t\t\t\t\t\t\t\t\t\t\t<a class=\"fusion-rollover-gallery\" href=\"https:\/\/telix.mobi\/wp-content\/uploads\/2017\/01\/labonachip2.jpg\" data-id=\"1\" data-rel=\"iLightbox[gallery]\" data-title=\"labonachip2\" data-caption=\"\">\n\t\t\t\t\t\tGallery\t\t\t\t\t<\/a>\n\t\t\t\t\t\t\t\t\t\t\t\t\t\t\n\t\t\t\t\n\t\t\t\t\t\t\t\t\t\t\t\t<h4 class=\"fusion-rollover-title\">\n\t\t\t\t\t<a href=\"https:\/\/telix.mobi\/index.php\/2017\/01\/5-innowacji-ibm\/\">\n\t\t\t\t\t\t5 innowacji, kt\u00f3re wg IBM zmieni\u0105 nasze \u017cycie w nast\u0119pnych 5 latach\t\t\t\t\t<\/a>\n\t\t\t\t<\/h4>\n\t\t\t\n\t\t\t\t\t\t\t\t\t\t\t\t\t\t<div class=\"fusion-rollover-categories\"><a href=\"https:\/\/telix.mobi\/index.php\/category\/news\/\" rel=\"tag\">News<\/a><\/div>\t\t\t\t\t\n\t\t\n\t\t\t\t<a class=\"fusion-link-wrapper\" href=\"https:\/\/telix.mobi\/index.php\/2017\/01\/5-innowacji-ibm\/\" aria-label=\"5 innowacji, kt\u00f3re wg IBM zmieni\u0105 nasze \u017cycie w nast\u0119pnych 5 latach\"><\/a>\n\t<\/div>\n<\/div>\n\n\t\n<\/div>\n<\/li>\n\t\t\t\n\t\t\t\n\t\t\t\t\t\t\t\t\t\t\t\t\t\t\t\t\t\t\t\t\t\t\t\t\t\t\t\t\t\t\t\t\t\t\t\t\t\t\t\t\t\t\t\t\t\t\t\t\t\t\t\t\t\t\t\t\t\t\t\t\t\t\t\t\t\t\t\t<\/ul>\n\t<\/div>\n\t<div class=\"fusion-post-content-wrapper\" style=\"padding:30px 25px 20px 25px;\"><div class=\"fusion-post-content post-content\"><h2 class=\"blog-shortcode-post-title entry-title\"><a href=\"https:\/\/telix.mobi\/index.php\/2017\/01\/5-innowacji-ibm\/\">5 innowacji, kt\u00f3re wg IBM zmieni\u0105 nasze \u017cycie w nast\u0119pnych 5 latach<\/a><\/h2><p class=\"fusion-single-line-meta\">By <span class=\"vcard\"><span class=\"fn\"><a href=\"https:\/\/telix.mobi\/index.php\/author\/telix\/\" title=\"Wpisy od Marcin Horecki\" rel=\"author\">Marcin Horecki<\/a><\/span><\/span><span class=\"fusion-inline-sep\">|<\/span><span class=\"updated\" style=\"display:none;\">2017-01-26T22:52:34+01:00<\/span><span>6 stycznia, 2017<\/span><span class=\"fusion-inline-sep\">|<\/span>Categories: <a href=\"https:\/\/telix.mobi\/index.php\/category\/news\/\" rel=\"category tag\">News<\/a><span class=\"fusion-inline-sep\">|<\/span><\/p><div class=\"fusion-content-sep sep-double sep-solid\" style=\"border-color:#ebeaea;\"><\/div><div class=\"fusion-post-content-container\"><p>IBM \u00a0opublikowa\u0142 dzi\u015b list\u0119 pi\u0119ciu innowacji naukowych, kt\u00f3re maj\u0105 potencja\u0142, by zmieni\u0107 spos\u00f3b naszej pracy, interakcji i codziennego \u017cycia w ci\u0105gu najbli\u017cszych pi\u0119ciu lat. Sprawd\u017amy, kt\u00f3re z [...]<\/p><\/div><\/div><div class=\"fusion-meta-info\"><div class=\"fusion-alignleft\"><a class=\"fusion-read-more\" href=\"https:\/\/telix.mobi\/index.php\/2017\/01\/5-innowacji-ibm\/\">Read More<\/a><\/div><div class=\"fusion-alignright\"><a href=\"https:\/\/telix.mobi\/index.php\/2017\/01\/5-innowacji-ibm\/#respond\"><i class=\"fusion-icon-bubbles\"><\/i>&nbsp;0<\/a><\/div><\/div><\/div><div class=\"fusion-clearfix\"><\/div><\/div>\n<\/article>\n<div class=\"fusion-clearfix\"><\/div><\/div><\/div><div class=\"fusion-clearfix\"><\/div>\n\n\t\t\t\t\t<\/div>\n\t\t\t\t<\/div><\/div><\/div>\n","protected":false},"excerpt":{"rendered":"","protected":false},"author":1,"featured_media":0,"parent":0,"menu_order":0,"comment_status":"open","ping_status":"open","template":"100-width.php","meta":{"footnotes":""},"yoast_head":"<!-- This site is optimized with the Yoast SEO plugin v22.8 - https:\/\/yoast.com\/wordpress\/plugins\/seo\/ -->\n<title>Blog - Telix Software - Aplikacje mobilne i webowe<\/title>\n<meta name=\"robots\" content=\"index, follow, max-snippet:-1, max-image-preview:large, max-video-preview:-1\" \/>\n<link rel=\"canonical\" href=\"https:\/\/telix.mobi\/index.php\/blog\/\" \/>\n<meta property=\"og:locale\" content=\"pl_PL\" \/>\n<meta property=\"og:type\" content=\"article\" \/>\n<meta property=\"og:title\" content=\"Blog - Telix Software - Aplikacje mobilne i webowe\" \/>\n<meta property=\"og:url\" content=\"https:\/\/telix.mobi\/index.php\/blog\/\" \/>\n<meta property=\"og:site_name\" content=\"Telix Software - Aplikacje mobilne i webowe\" \/>\n<meta property=\"article:modified_time\" content=\"2017-01-31T16:46:49+00:00\" \/>\n<meta name=\"twitter:card\" content=\"summary_large_image\" \/>\n<meta name=\"twitter:label1\" content=\"Szacowany czas czytania\" \/>\n\t<meta name=\"twitter:data1\" content=\"1 minuta\" \/>\n<script type=\"application\/ld+json\" class=\"yoast-schema-graph\">{\"@context\":\"https:\/\/schema.org\",\"@graph\":[{\"@type\":\"WebPage\",\"@id\":\"https:\/\/telix.mobi\/index.php\/blog\/\",\"url\":\"https:\/\/telix.mobi\/index.php\/blog\/\",\"name\":\"Blog - Telix Software - Aplikacje mobilne i webowe\",\"isPartOf\":{\"@id\":\"https:\/\/telix.mobi\/#website\"},\"datePublished\":\"2014-10-11T14:23:15+00:00\",\"dateModified\":\"2017-01-31T16:46:49+00:00\",\"breadcrumb\":{\"@id\":\"https:\/\/telix.mobi\/index.php\/blog\/#breadcrumb\"},\"inLanguage\":\"pl-PL\",\"potentialAction\":[{\"@type\":\"ReadAction\",\"target\":[\"https:\/\/telix.mobi\/index.php\/blog\/\"]}]},{\"@type\":\"BreadcrumbList\",\"@id\":\"https:\/\/telix.mobi\/index.php\/blog\/#breadcrumb\",\"itemListElement\":[{\"@type\":\"ListItem\",\"position\":1,\"name\":\"Strona g\u0142\u00f3wna\",\"item\":\"https:\/\/telix.mobi\/\"},{\"@type\":\"ListItem\",\"position\":2,\"name\":\"Blog\"}]},{\"@type\":\"WebSite\",\"@id\":\"https:\/\/telix.mobi\/#website\",\"url\":\"https:\/\/telix.mobi\/\",\"name\":\"Telix Software - Aplikacje mobilne i webowe\",\"description\":\"Mobile technology &amp; Web Experts\",\"potentialAction\":[{\"@type\":\"SearchAction\",\"target\":{\"@type\":\"EntryPoint\",\"urlTemplate\":\"https:\/\/telix.mobi\/?s={search_term_string}\"},\"query-input\":\"required name=search_term_string\"}],\"inLanguage\":\"pl-PL\"}]}<\/script>\n<!-- \/ Yoast SEO plugin. -->","yoast_head_json":{"title":"Blog - Telix Software - Aplikacje mobilne i webowe","robots":{"index":"index","follow":"follow","max-snippet":"max-snippet:-1","max-image-preview":"max-image-preview:large","max-video-preview":"max-video-preview:-1"},"canonical":"https:\/\/telix.mobi\/index.php\/blog\/","og_locale":"pl_PL","og_type":"article","og_title":"Blog - Telix Software - Aplikacje mobilne i webowe","og_url":"https:\/\/telix.mobi\/index.php\/blog\/","og_site_name":"Telix Software - Aplikacje mobilne i webowe","article_modified_time":"2017-01-31T16:46:49+00:00","twitter_card":"summary_large_image","twitter_misc":{"Szacowany czas czytania":"1 minuta"},"schema":{"@context":"https:\/\/schema.org","@graph":[{"@type":"WebPage","@id":"https:\/\/telix.mobi\/index.php\/blog\/","url":"https:\/\/telix.mobi\/index.php\/blog\/","name":"Blog - Telix Software - Aplikacje mobilne i webowe","isPartOf":{"@id":"https:\/\/telix.mobi\/#website"},"datePublished":"2014-10-11T14:23:15+00:00","dateModified":"2017-01-31T16:46:49+00:00","breadcrumb":{"@id":"https:\/\/telix.mobi\/index.php\/blog\/#breadcrumb"},"inLanguage":"pl-PL","potentialAction":[{"@type":"ReadAction","target":["https:\/\/telix.mobi\/index.php\/blog\/"]}]},{"@type":"BreadcrumbList","@id":"https:\/\/telix.mobi\/index.php\/blog\/#breadcrumb","itemListElement":[{"@type":"ListItem","position":1,"name":"Strona g\u0142\u00f3wna","item":"https:\/\/telix.mobi\/"},{"@type":"ListItem","position":2,"name":"Blog"}]},{"@type":"WebSite","@id":"https:\/\/telix.mobi\/#website","url":"https:\/\/telix.mobi\/","name":"Telix Software - Aplikacje mobilne i webowe","description":"Mobile technology &amp; Web Experts","potentialAction":[{"@type":"SearchAction","target":{"@type":"EntryPoint","urlTemplate":"https:\/\/telix.mobi\/?s={search_term_string}"},"query-input":"required name=search_term_string"}],"inLanguage":"pl-PL"}]}},"_links":{"self":[{"href":"https:\/\/telix.mobi\/index.php\/wp-json\/wp\/v2\/pages\/10870"}],"collection":[{"href":"https:\/\/telix.mobi\/index.php\/wp-json\/wp\/v2\/pages"}],"about":[{"href":"https:\/\/telix.mobi\/index.php\/wp-json\/wp\/v2\/types\/page"}],"author":[{"embeddable":true,"href":"https:\/\/telix.mobi\/index.php\/wp-json\/wp\/v2\/users\/1"}],"replies":[{"embeddable":true,"href":"https:\/\/telix.mobi\/index.php\/wp-json\/wp\/v2\/comments?post=10870"}],"version-history":[{"count":1,"href":"https:\/\/telix.mobi\/index.php\/wp-json\/wp\/v2\/pages\/10870\/revisions"}],"predecessor-version":[{"id":13498,"href":"https:\/\/telix.mobi\/index.php\/wp-json\/wp\/v2\/pages\/10870\/revisions\/13498"}],"wp:attachment":[{"href":"https:\/\/telix.mobi\/index.php\/wp-json\/wp\/v2\/media?parent=10870"}],"curies":[{"name":"wp","href":"https:\/\/api.w.org\/{rel}","templated":true}]}}